47 + 334)
40
Calculate -53 + 161 + -19 + -34.
55
What is the value of 14 + 1 + -2 + (-199 + 81 - (-50 - -33))?
-88
Evaluate -14 + 32 + -6 - ((5 - 6) + -5).
18
What is the value of (-10 - (-2 - (-4 - -4) - (12 + -1))) + 6?
9
What is the value of 1 + (50 - -3 - (43 - (25 + 5)))?
41
What is the value of -25 - -57 - (17 - 41) - (22 + -10)?
44
What is the value of (3 + -3 + 131 - 3) + (-118 - (181 + -296))?
125
What is (9 + 22 - 7) + (10 + 9 - -4)?
47
17 - (-7 + 7) - (12 - 6)
11
-16 - (-1357 + 1346 - (0 - 17))
-22
0 + -119 + 3 + 1 - (-2 - (9 - 12))
-116
What is 10 - (20 + -4 - (4 + 4))?
2
What is -2 - (-44 - -19) - (-6 + 3 - 4)?
30
772 + -715 + -62 + -4 - (-107 + -2 + 1)
99
What is 27 - (17 + 25 + -35)?
20
Evaluate (-7 - (-60 + -53)) + -87.
19
What is (4 + -15 + 19 - 4 - 11) + 0 - -86?
79
0 - (27 + (0 - 1) + 101 + -123)
-4
-2 + -4 + 1 + 458 + -459 + 20
14
What is the value of (-15 - (-196 + 192 + -26 + 3)) + (-1 - -29)?
40
-8 + (0 - 3) - (29 + -52 - -38)
-26
What is the value of 3 + 6 - (-8 - (-65 + 47))?
-1
What is -85 + 33 + (2 - -6) + 69 + -93?
-68
What is the value of 177 + 1 + -91 + -85?
2
Calculate 49 + 1 + 5 + -13 + (16 - (-9 + 21)).
46
Evaluate (25 - -1) + (-368 - -392).
50
Evaluate 69 + -14 - (5 + 5 + 0 + 4).
41
Evaluate 73 + (-16 - (-6 + 3 + -17)) + -2 + -1.
74
Evaluate 48 + (39 - -24) + -101.
10
Calculate (-181 - -335 - 152) + (-1 - 36).
-35
What is 3 + 18 + (-18 - -36 - -2 - -105)?
146
Calculate -5 - 14 - ((-22 - -19) + 23).
-39
What is -1 + 4 + 0 + (7 - -1) - 51?
-40
39 + 3 - (5 + 0 - (-10 + 2))
29
Calculate -15 + (39 - (18 - -11)) + -1 + -56.
-62
What is the value of -37 + 0 - (37 - (28 + -12 + -2))?
-60
Calculate 5 + (-13 - (10 - 4)) + -14 + -9 + -1.
-38
-91 + 135 + (0 - -3) + -19 - (-7 + -1)
36
Calculate 46 - (25 + 6 + -27 + -12).
54
Evaluate 59 + -46 - (68 + (-3 - 4)).
-48
What is the value of 23 + 2 + (-3 - 54)?
-32
Evaluate (1 - -4) + (-19 + -1 + 2 - (6210 + -6224)).
1
Calculate (-102 - -269) + (-11 + -65 - -28).
119
Calculate (26 - -76 - 20 - 25) + -14.
43
(-35 - (-4 - 20)) + 20 + 0 + -2 + -68
-61
What is (-8 + -35 - -94) + -37?
14
What is 19 + 5 + -3 + -25 + 5 + (82 - 75)?
8
Evaluate 2 + 2 + (1 - 2 - 3) + -546 + 550.
4
What is 22 + -20 + -29 + 33 + -7 + 1 + 30?
30
Calculate -84 - (-48 + 28 + -87).
23
What is the value of (14 + -2 + -3 - 121) + (0 - -20)?
-92
Evaluate -170 + (83 - (48 - 98)).
-37
Evaluate -15 - -1 - (-500 + 474).
12
What is the value of 0 + 21 + -2 + -39 + -13?
-33
What is 20 + -1 + 4 + 212 + -223?
12
What is the value of (13 - -4 - ((3 - -31) + -22)) + 16 + 5?
26
0 + 6 + -4 - (-13 + 22 + 2 + -18)
9
What is the value of 11 + -38 + 1 + (-162 - -88)?
-100
Evaluate -89 + 187 - -55 - 86.
67
What is the value of (-14 - (12 + -59)) + (-1 - -14) + -3?
43
(-23 - (83 + 25)) + 110
-21
What is the value of 25 - (40 + (20 - (-19 + 44)))?
-10
What is -5 + (-1 + -1 - -11) + -16 + (-27 - -14)?
-25
Calculate -25 - (4 + -15) - (32 + 3 + -31).
-18
What is -64 - (-162 + 78 + -5)?
25
(-12 - 9 - (-9 + (-8 - -19))) + (1 - 2)
-24
What is the value of -28 + (5 - ((-1 + -6 - -8) + 3))?
-27
(6 - (-6 - -11)) + -3 + (-4 + 1 - 19)
-24
Evaluate -84 - (-11 + 3 - (-19 + 34 - 30)).
-91
-13 + (2 - 3) + -92 + 13 + -12 + 8
-97
Calculate -5 - 103 - (-28 - -100 - 63).
-117
Evaluate -5 - (-15 + -22 + 43 - 50).
39
What is -3 + -33 + 23 + -35?
-48
What is (3 - 1 - (4 + 0)) + 15 - (228 - 119)?
-96
What is 33 + -63 - (-5 + (12 - 9))?
-28
Calculate (12 - -14) + 20 + (-24 - -27).
49
(-55 - ((21 - -6) + -49)) + 5 + -1
-29
What is the value of -46 + 86 + -58 + 23 - (1 - 75)?
79
Calculate (-790 - -806) + (-7 - -16 - (1 + -7)).
31
Evaluate 77 + -66 + 44 + (29 - 5).
79
-348 - -339 - (-24 - (0 + -1))
14
Calculate 12 + 32 - (-97 + (13 - -21)).
107
What is 53 + (-12 + (9 - 2) - 4) + 16?
60
What is 25 - (121 + -3 + -196 + 162)?
-59
Calculate -76 + (-35 - -111) + -22.
-22
What is 108 + (12 - (-1 - -50 - (-76 - -95)))?
90
Calculate -8 + 0 - (23 - (-39 - (35 + -110))).
5
What is -13 - (24 + -7 - (-2 - -10)) - -7?
-15
5 + 15 + 1 + -36 - (-103 + 0)
88
What is the value of -130 - -144 - (49 + 6 + -10)?
-31
What is the value of 262 + -206 + -19 + -35?
2
Evaluate -48 - (-3 - (45 - -12)).
12
What is the value of (9 - 76) + 123 + -76?
-20
Calculate 3 - -3 - (9 + 1) - (344 + -362).
14
100 + 24 + -24 + 15 + -40
75
Evaluate 32 - (28 - 57 - 10).
71
Calculate 16 + -57 + 64 + -66 + 1.
-42
(4 - 84) + (-1 - (10 + (-4 - 4) - -2))
-85
What is -5 - (-40 - (8 + -14)) - (4 - 5) - 9?
21
Evaluate -3 + (24 - 23) - 17.
-19
What is -3 - -45 - (39 + 12 + -54)?
45
What is the value of -193 + 203 + -39 + (1 - -15)?
-13
Calculate (-32 - (18 - 50)) + 14 - -64.
78
What is the value of (2823 - 2814) + 104 + (12 + -9 - (5 + 0))?
111
Calculate 22 + (-37 + 27 - (-4 - (16 + -6))) + -1.
25
Evaluate -12 - (-6 + 18 + -2 + (18 - 4)).
-36
Evaluate (36 + 7 - (-13 - -32)) + 27.
51
1 - (-2 + -23) - (13 - 1)
14
(47 + -1 - 11) + (5 - (-2 + 19))
23
What is 7 - (-14 + 56 + -76 + -6)?
47
What is the value of (-21 - (-79 - -15) - 17 - 39) + 80?
67
What is (-25 - 0) + (-101 - (-173 + 105))?
-58
What is 32 + (15 - (2 + 41)) + -157 + 5 + -1?
-149
What is (-3 - -21) + -29 + -32 + (-41 - -35)?
-49
What is the value of (-15 - 3) + (15 - 48) + (26 - 20)?
-45
1 - (-66 + 13) - (-113 + 101)
66
-28 + (-121 - (5 + -45 - -6))
-115
Evaluate -63 - (-273 - -128 - -154).
-72
What is -46 + -18 + 27 + 10 - 1?
-28
Calculate -11 + 7 + -36 + (51 - 63).
-52
What is 52 - 47 - (109 - 211)?
107
Evaluate (-96 - (-42 + -6 - -22)) + (1 - 7).
-76
What is the value of (-6 - 0) + (2 - (-104 - -35) - -29)?
94
What is 17 + (-4 - -4) - (-21 - -54)?
-16
Evaluate 75 + (-9 - 34) + 28 - 6.
54
Evaluate 2 - (21 + (-10 + -3 - -6) + 5).
-17
What is the value of (-12 + -11 + 46 - 20) + 16?
19
(0 - -16) + (22 - 6 - (89 + 11))
-68
-29 + 89 + -92 + 46
14
-1672 + 1697 + -16 + 6
15
What is the value of 5 - (24 + -10 - -21)?
-30
What is 13 - ((-43 - (25 + -50)) + 57)?
-26
What is the value of -12 + (-111 - (-15 + -1)) - (55 - 43)?
-119
Calculate (7 - (9 - (11 + -10))) + -14 + 26.
11
Calculate -143 - (-21 + -179 - -109).
-52
(3 - (8 - 11) - (-5 + (-12 - -14))) + -49
-40
1659 - 1589 - (1 + 40)
29
What is -8 + -1 - (-29 + (-22 - 12))?
54
What is the value of (-129 - -3) + -14 + 103?
-37
Calculate 31 - (11 + -13 - (1 + 2) - (-15 + 19)).
40
-77 + (82 - (-4 + 50))
-41
What is the value of 17 - (62 + (-17 - -5)) - 12?
-45
What is 4 + -4 + 17 + -26 + (5 - -4) + 8?
8
What is 13 + 1 + (-12561 - -12453)?
-94
Calculate 0 + 2 - (-9 + (50 - 50)) - (-154 - -13).
152
What is 38 + -4 + 2282 + -2253?
63
-34 + 33 - ((30 - -11) + 3 + 3)
-48
Evaluate -4 + (2 - (-1 + -8)) + -6 + 44.
45
What is 4 - (-24 - -56) - 35?
-63
Calculate -1 - -70 - 26 - 19.
24
-13 + (9 + 14 - 4) - (25 - (-4 - -1))
-22
19 + (0 - 2) + (-18 - -5) - -57
61
8 - (-34 + 60) - 22
-40
Calculate 53 - (52 + (49 - 96)).
48
-27 + (28 + 84 - 62)
23
6 + -13 + -69 + -32 - -17
-91
Calculate (-1 + (-10 - -3) - 1) + -15 + -124.
-148
What is the value of (31 - 17) + -19 - -47?
42
What is the value of 11 + 1 + (-74 + 3 - (-2 + -3))?
-54
Calculate -28 + 5 + -10 + (18 - (-2 - -8)).
-21
What is (10 - ((20 - (6 - -2)) + 1 + 8)) + 28?
17
What is 21 - 183 - (-68 - 9)?
-85
Evaluate (12 - (-4 + 12 + (0 + 4 - 0))) + -91.
-91
Calculate (-6 - -18 - 15) + 8 + (-1 - 3).
1
What is 172 + -283 + (260 - 29)?
120
(-2 + -33 + 551 + -538 - (-9 + -1)) + -109
-121
What is the value of (-1246 - -1297) + 3 + 28?
82
Calculate -5 + 2 - (-3 - 140 - (39 - 20 - 28)).
131
What is the value of -1 - 8 - (406 - 504) - 28?
61
What is 57 - (8 - -21 - -9)?
19
What is the value of (684 - 685) + (4 - -1)?
4
What is (-2 + 2 - -19) + (-298 - -291) + 24?
36
133 + -1 + (27 - 22) + -24 - -21
134
Evaluate -104 - (0 + 13 - (-44 + 35 - -29)).
-97
Evaluate 2 + 58 - 34 - 70.
-44
Evaluate -4 + (5 - (20 + -35) - -1).
17
-2 + -3 + -2 + (-27 + 13 - -27) + 25
31
(-37 - 44) + 85 - 3
1
What is the value of 17 + -1 - (-153 - -192) - -19?
-4
What is -24 - -15 - (-6 + -51 + -5 + 1 + 6)?
46
What is the value of 771 + -779 - (-1 - 26) - 2?
17
Evaluate 0 - -65 - (171 - 153 - (15 + -1)).
61
Evaluate (-7 + 4 + 1 - (91 + -13)) + (76 - 80).
-84
Calculate -9 + -35 + 30 + -54 - (-3 + 1 + -2).
-64
Calculate (1 - -1) + (6 + -12 - (-1 - -2 - 0)).
-5
What is the value of 1 - (-2 + 6) - (76 - (-11 -